33
Convert 20405 (base 6) to base 9.
3675
Convert 22331 (base 5) to base 16.
637
1002011121 (base 3) to base 13
98aa
-1002001 (base 4) to base 7
-15214
Convert -31202 (base 6) to base 12.
-2502
-2bc2 (base 15) to base 12
-553b
249 (base 15) to base 4
20013
Convert c884 (base 14) to base 3.
1202110221
Convert a185 (base 16) to base 13.
15a89
Convert 3286 (base 11) to base 3.
12221100
Convert -2897 (base 15) to base 6.
-104124
What is 742 (base 9) in base 3?
211102
Convert 1d3 (base 16) to base 14.
255
Convert 20164 (base 7) to base 11.
3752
Convert -1010111111 (base 2) to base 5.
-10303
4226 (base 8) to base 2
100010010110
What is -1433244 (base 5) in base 9?
-45682
10330 (base 5) to base 13
430
10 (base 16) to base 3
121
Convert -1768 (base 11) to base 5.
-33002
10101111010001 (base 2) to base 7
44463
What is 20320 (base 4) in base 10?
568
What is -30145 (base 9) in base 14?
-7309
Convert -1200 (base 9) to base 13.
-537
Convert 358b (base 14) to base 7.
36134
What is -4b97 (base 13) in base 5?
-321041
522 (base 14) to base 13
5c9
What is -420 (base 5) in base 3?
-11002
Convert 3367 (base 8) to base 14.
915
16620 (base 8) to base 10
7568
Convert 121323 (base 4) to base 6.
11403
Convert 32d (base 14) to base 9.
768
-1a857 (base 12) to base 4
-21211003
1011000110 (base 2) to base 10
710
Convert -41a (base 14) to base 5.
-11213
Convert 2f2 (base 16) to base 14.
3bc
3c91 (base 13) to base 7
34321
1b14 (base 16) to base 12
4018
What is -944 (base 12) in base 2?
-10101000100
What is -549 (base 14) in base 16?
-415
What is -1110100010001110 (base 2) in base 3?
-10000122222
What is -1b2a (base 16) in base 6?
-52110
Convert -2010112 (base 3) to base 6.
-11105
What is -1412003 (base 5) in base 15?
-88d8
-3227 (base 14) to base 2
-10000111010011
Convert 76 (base 10) to base 2.
1001100
What is 1210030 (base 4) in base 14?
24a0
What is 143530 (base 6) in base 7?
55152
852 (base 9) to base 3
221202
Convert -2426 (base 15) to base 14.
-2b30
Convert -13ccd (base 14) to base 10.
-49181
What is 7f89 (base 16) in base 4?
13332021
Convert 1819 (base 10) to base 2.
11100011011
Convert 120221 (base 3) to base 9.
527
What is -111 (base 5) in base 13?
-25
What is -2111220 (base 3) in base 6?
-12253
Convert -362a (base 12) to base 11.
-462a
Convert -1dd (base 14) to base 15.
-1b1
100111100 (base 2) to base 6
1244
Convert 20982 (base 13) to base 3.
2222120220
What is 5031 (base 7) in base 16?
6c9
What is -101110000 (base 2) in base 7?
-1034
Convert 342004 (base 5) to base 11.
9127
-872d (base 14) to base 7
-125056
What is -17a (base 14) in base 6?
-1224
Convert 165210 (base 8) to base 16.
ea88
What is 95a (base 16) in base 7?
6660
Convert 1297 (base 12) to base 6.
13511
What is 3654 (base 16) in base 2?
11011001010100
1011001011 (base 2) to base 6
3151
What is -2b7 (base 12) in base 3?
-120211
What is -2486 (base 9) in base 6?
-12340
19468 (base 10) to base 15
5b7d
What is d40 (base 15) in base 12?
1889
Convert -31a9 (base 11) to base 4.
-1002021
Convert 1210122 (base 3) to base 16.
521
What is 2180 (base 9) in base 11?
1235
Convert 1b3 (base 15) to base 14.
201
Convert -25167 (base 8) to base 11.
-8193
What is -5a (base 12) in base 14?
-50
-4224 (base 5) to base 9
-686
What is 527 (base 11) in base 12?
44a
What is 4154 (base 6) in base 4?
32212
Convert -1834 (base 11) to base 2.
-100100100000
What is 50635 (base 7) in base 11?
9295
4709 (base 10) to base 8
11145
12001 (base 4) to base 3
112021
Convert 256b1 (base 13) to base 5.
4204030
Convert -212011121 (base 3) to base 5.
-1020031
-1010100010011 (base 2) to base 10
-5395
Convert 1bb1 (base 12) to base 4.
311311
Convert 114321 (base 5) to base 12.
2614
Convert 816 (base 10) to base 16.
330
Convert -100430 (base 5) to base 14.
-1276
Convert -1461 (base 13) to base 15.
-d1c
Convert 14020 (base 5) to base 8.
2157
1111220 (base 3) to base 8
2120
What is 7829 (base 10) in base 16?
1e95
Convert 242043 (base 5) to base 10.
9023
Convert -6120 (base 8) to base 15.
-e02
What is 3436 (base 7) in base 2?
10011100100
2444 (base 6) to base 2
1001011100
What is 1978 (base 11) in base 6?
15333
What is 84b (base 16) in base 2?
100001001011
Convert -10203 (base 7) to base 4.
-213012
Convert -179b (base 13) to base 16.
-db4
Convert 321 (base 12) to base 15.
207
What is -1506 (base 12) in base 13?
-116a
What is 43621 (base 9) in base 4?
13010020
What is a9a (base 15) in base 13?
1123
Convert 2d7 (base 16) to base 12.
507
Convert 45 (base 7) to base 2.
100001
What is -49bc (base 15) in base 6?
-200410
What is 26233 (base 7) in base 15?
2107
Convert 100111001 (base 2) to base 3.
102121
What is 11111010110 (base 2) in base 6?
13142
Convert -572 (base 14) to base 2.
-10000111000
43b (base 13) to base 16
2d6
What is 6172 (base 8) in base 9?
4338
Convert 42446 (base 11) to base 5.
3434020
-1125 (base 6) to base 15
-12e
What is 31 (base 16) in base 9?
54
What is 35113 (base 6) in base 12?
2a99
1326 (base 15) to base 16
ff6
Convert -1161 (base 8) to base 5.
-10000
What is -48d (base 16) in base 10?
-1165
-1201010111 (base 3) to base 9
-51114
What is 1195 (base 12) in base 14?
a1b
-54c (base 16) to base 9
-1766
What is -4607 (base 8) in base 13?
-1158
What is -2020102 (base 3) in base 12?
-b3b
1000110101 (base 2) to base 15
27a
12620 (base 7) to base 13
1712
Convert 6947 (base 13) to base 5.
433022
1a4 (base 16) to base 10
420
What is 6791 (base 11) in base 9?
13225
17876 (base 9) to base 14
4725
What is -527 (base 10) in base 9?
-645
-66a (base 14) to base 13
-769
What is 462 (base 10) in base 3?
122010
What is -32 (base 14) in base 16?
-2c
What is -1215 (base 6) in base 3?
-102002
What is 1379 (base 15) in base 8?
10104
Convert -10111111101 (base 2) to base 10.
-1533
What is -9694 (base 12) in base 10?
-16528
Convert -20123 (base 7) to base 12.
-2998
What is 7580 (base 14) in base 5?
1122200
2480 (base 12) to base 6
31040
What is 13b (base 15) in base 13?
188
2047 (base 16) to base 10
8263
c5 (base 13) to base 12
115
What is -1030101 (base 4) in base 11?
-3738
110111011010 (base 2) to base 3
11212100
Convert 1434 (base 9) to base 10.
1084
Convert -a13 (base 13) to base 10.
-1706
Convert 5628 (base 10) to base 11.
4257
165 (base 10) to base 5
1130
Convert 45330 (base 7) to base 9.
16673
Convert -2123 (base 5) to base 13.
-192
Convert -122021 (base 3) to base 5.
-3331
18772 (base 9) to base 2
11001011100001
Convert 302223 (base 4) to base 3.
11110010
Convert -b6 (base 16) to base 12.
-132
-1429 (base 10) to base 16
-595
What is -110000111 (base 3) in base 9?
-13014
Convert -223223 (base 4) to base 11.
-2111
Convert 45655 (base 7) to base 3.
120222121
667b (base 13) to base 4
3133122
Convert 1210021 (base 3) to base 11.
a85
What is 24051 (base 6) in base 2?
110110011111
Convert -2110 (base 4) to base 7.
-301
What is -234134 (base 6) in base 14?
-75c6
3c1c (base 13) to base 4
2013010
b024 (base 13) to base 10
24197
What is -3a29a (base 11) in base 10?
-57584
What is 1167 (base 10) in base 11?
971
What is -a (base 15) in base 3?
-101
-16901 (base 10) to base 2
-100001000000101
1476b (base 15) to base 7
362561
205a (base 11) to base 10
2727
Convert -1036 (base 8) to base 13.
-329
-11122 (base 5) to base 14
-403
-1004 (base 7) to base 10
-347
-166 (base 10) to base 6
-434
Convert 11123 (base 6) to base 2.
11000011011
What is d2 (base 15) in base 8?
305
Convert -36391 (base 10) to base 9.
-54824
-3312 (base 13) to base 16
-1bc9
What is -551b (base 13) in base 3?
-121021001
Convert 20213132 (base 4) to base 8.
104736
What is -53b (base 15) in base 11?
-984
118 (base 10) to base 9
141
5d6a (base 14) to base 7
65463
-ed (base 16) to base 9
-283
21355 (base 6) to base 4
232013
Convert -102 (base 9) to base 16.
-53
379 (base 11) to base 7
1211
-1000011001 (base 2) to base 6
-2253
5110 (base 8) to base 2
101001001000
Convert 21422 (base 8) to base 10.
8978
-131303 (base 4) to base 13
-b39
Convert -749 (base 10) to base 2.
-1011101101
b8a (base 13) to base 6
13045
-158 (base 14) to base 4
-10102
What is 38c (base 16) in base 12?
638
-7725 (base 8) to base 7
-14550
What is -11001 (base 5) in base 9?
-1024
What is -54 (base 16) in base 8?
-124
What is -7968 (base 10) in base 5?
-223333
-321 (base 13) to base 14
-2a2
What is ee2 (base 16) in base 11?
2954
C